-27) - 326/(-27) - 12. Determine k(t).
22
Let v(t) = -2*t**2 - 27*t - 61. Let r = -5522 - -5519. What is v(r)?
2
Let s(h) = 11*h - 14*h - 20*h - 6*h + h**3 + 16*h + 15 - 8*h**2. What is s(10)?
85
Let t(z) = 1 + 20*z + 2 - 4 - 23*z. Let x(a) = a - 7. Let f be x(10). Suppose 2*h + 2*c = 0, 5*h + 0 + 8 = -f*c. Give t(h).
11
Suppose 5*z = -4*g - 31, -5*g - 201*z = -197*z + 32. Let n(m) = -2*m**3 - 2*m**2 - 6*m + 5. What is n(g)?
125
Let h(a) = -940*a**3 + 939*a**3 - 14 + 9 + 12 + 5*a. Give h(3).
-5
Let q(l) = l - 1. Let b(o) = -6. Let t(j) = -b(j) - 3*q(j). Determine t(-4).
21
Let o(g) be the third derivative of -g**5/60 - 7*g**4/24 - 7*g**3/6 - g**2. Let k(z) = -10*z**2 + 44*z - 4. Let q be k(4). Suppose q = -4*s - 8. What is o(s)?
3
Suppose -2*r + 15 = -1. Let v(q) be the first derivative of 7/3*q**3 + 0*q - 1/4*q**4 + 4*q**2 + 114. Give v(r).
0
Let d(m) = 8*m - 14. Let a(y) = 6*y + 5 - 3*y - y - 8. Let c(w) = -9*a(w) + 2*d(w). Determine c(-1).
1
Let g(b) = 32 - 243 + 6*b + 63. Calculate g(25).
2
Let x be (-2)/(16/(-248)) + 3. Suppose -11*a - x = 76. Let c(n) = n**3 + 11*n**2 + 9*n. Give c(a).
10
Let c = -86 - -120. Let g = -25 + c. Let w(p) = -13 - 16 + 19 - 4*p + 6*p. Calculate w(g).
8
Let m(p) = -45*p + 7900 + 66*p - 8252. Give m(17).
5
Let w(r) = r**2 + 14*r - 23. Suppose 7*g - 6*g = -2*z - 25, -4*g - 3*z - 75 = 0. Give w(g).
-8
Let a(v) be the first derivative of -v**4/4 - 25*v**3/3 - 22*v**2 + 33*v - 12462. Calculate a(-23).
-13
Suppose 3*q = -q + 8. Let r(c) = -6*c + 1 + 5*c + 0*c**2 - c**q. Suppose 16*z - 33 = 31. What is r(z)?
-19
Let p(z) = 7*z + 25. Let w be p(-3). Let s = 34 + -29. Suppose w*y = -s*y. Let u(x) = x**3 - x + 9. Calculate u(y).
9
Let o(n) be the second derivative of n**4/6 - n**3/2 - 139256*n. Let v = -4 - 0. Let h = -2 - v. Determine o(h).
2
Let x(i) = -207*i + 28. Let g(a) = 89*a - 13. Let h(m) = 7*g(m) + 3*x(m). Let k be (-1)/2 - (-14)/(-4). What is h(k)?
-15
Let p(s) = 4*s + 46. Let n be p(-11). Let r(q) = -7*q + q**n - 5 + 1 + 0*q**2 + 8. Let x be (-4)/(-14) + 94/14. Determine r(x).
4
Let c(m) = -5*m**2 + 13*m + 28. Let a(i) = -i**2 + i + 2. Let h(n) = 6*a(n) - c(n). Let q be h(-6). Let k(t) = -t**2 - 9*t + 11. Give k(q).
1
Suppose 0 = -5*j, -5*j = -5*u + 3 - 24 - 9. Let k(l) = 6*l + 10*l**2 + 0*l - 9*l**2 + 2. Calculate k(u).
2
Let n(d) = -140*d + 459*d + 93 - 300*d. Calculate n(-5).
-2
Let p(y) = -221*y**3 + 11*y**2 - 104*y + 6. Let f(n) = 44*n**3 - 2*n**2 + 19*n - 1. Let l(i) = -11*f(i) - 2*p(i). Determine l(-1).
42
Let p(q) = -18*q**3 - 9*q**2 + 14*q + 723 + 718 - 1424 + 17*q**3. What is p(-10)?
-23
Let x(b) = 18*b + 89 - 34 - 27*b - 14. What is x(11)?
-58
Let g(b) = -b**2 + 7*b - 6. Let a be g(6). Let u(v) be the second derivative of v**4/12 - v**3/6 + 22181*v. What is u(a)?
0
Let n(a) be the second derivative of -20*a**3/3 - 283*a**2/2 + 2*a + 31. Let z be n(-7). Let g(s) = s**2 + s + 1. Determine g(z).
7
Let z(n) = 13*n + 2. Let v be z(0). Let i(q) = 4 - q**v + 2*q - 15 - 3 + 8. Calculate i(5).
-21
Let a(y) = -63 - 85 + 148 + 2*y. Give a(-8).
-16
Let k(q) = 2*q**3 - 7*q**2 - 2*q + 4. Suppose 4*x = -3*d + 15, 2*x - 98 = 5*d - 97. Give k(x).
-11
Let l be (-48)/21 + 2 + (-1 - 270/35). Let s(k) = -k**2 - 19*k - 12. What is s(l)?
78
Let h(f) = -17*f**2 + f - 3. Let o be h(0). Let u(q) = 9*q - 12. Calculate u(o).
-39
Let c = 136 - 116. Suppose -5 = -3*z + o - 0*o, 4*o + c = z. Let d(b) = b + 14. Calculate d(z).
14
Let m(v) = -26*v - 11. Let i(c) = -32*c - 12. Let h(x) = 4*i(x) - 5*m(x). Let s be 192/21 + 6/(-42). Suppose 4*a - s + 37 = 0. What is h(a)?
-7
Let o be (276/(-23) + -15)/(-3). Suppose 5*a - 1 = 4, 0 = -4*i - a + 5. Let m(x) = -7 - 9*x - 1 - i + 0 + x**2. Give m(o).
-9
Suppose 4*c = 13*n + 27 - 53, -3*n + 6 = 3*c. Let q(b) = 13*b**2 - 5*b + 3. What is q(n)?
45
Let u(x) = -8 - 4 + 16 + 4*x. Suppose 3*q = 2*v + 14, 0 = -q + 5*v + 9. Suppose -18 = n - q*c, 11 = -3*n - 2*c - 1. Calculate u(n).
-20
Let x be 1 + 0 - 126/18 - -17. Let f(m) = -2*m**2 + 14*m + 5. What is f(x)?
-83
Let n(w) be the third derivative of 2*w**5/15 + 11*w**4/3 + w**3/2 + 6346*w**2. Calculate n(-11).
3
Let b(n) = -2*n - 17. Suppose -2*w + 3*w + 2*a + 260 = 0, w = 2*a - 264. Let c = w - -254. Calculate b(c).
-1
Let n = -896 + 893. Let v(u) = 20*u + 68. Calculate v(n).
8
Let t(q) = 143*q - 14. Let a(h) = 28*h - 2. Let y(s) = 5*a(s) - t(s). Calculate y(4).
-8
Let a(m) be the second derivative of -m**6/120 - m**4/24 + 8*m**3 - 42*m. Let q(j) be the second derivative of a(j). Let n be (10/15)/((-2)/(-3)). What is q(n)?
-4
Let h(s) = s**3 + 5*s**2 - 7*s + 1. Let z(t) = -t**3 + 9*t**2 - 12*t - 20. Let i = -371 + 378. Let p be z(i). Calculate h(p).
7
Let g(n) = n**3 + 7*n**2 + 3*n + 5. Suppose 13*p - 18 = 3*l + 17*p, 4*p - 6 = l. Give g(l).
23
Let x(f) = 4*f**2 - 4*f - 10. Let i = -3543 + 3539. What is x(i)?
70
Let c(b) = 21 + 22*b**2 + 20*b - 7*b**2 - 134 - 16*b**2. Give c(10).
-13
Let r(h) be the second derivative of h + 5/24*h**4 - 1/24*h**5 + 0*h**2 + 0 - 11/6*h**3. Let a(m) be the second derivative of r(m). What is a(4)?
-15
Let p = 23 - 23. Suppose 3*o + 0 - 12 = p. Suppose -4*n + 3*b - 9 = 7, -5 = 3*n - o*b. Let t(v) = v**3 + 7*v**2 - v - 9. Give t(n).
-2
Let t be (-8)/14 - (-1998)/189. Let g(h) = -5 + h - 4*h**2 - 1 + t. Give g(-3).
-35
Let g(s) = 7*s - 179. Let p(a) = 22*a - 499. Let h(n) = 17*g(n) - 6*p(n). Determine h(-3).
-10
Let y(j) = 3*j**3 - 6*j**2 - 10. Let i(l) = -7*l**3 + 15*l**2 + l + 23. Let q(z) = 2*i(z) + 5*y(z). Give q(2).
8
Let b(h) = 15*h**3 - h**2 + h + 21. Let g(f) = -7*f**3 - f - 10. Let q(j) = 6*b(j) + 13*g(j). Let x be 20 - 24 - (90/(-54) + 10/6). What is q(x)?
-8
Let w(v) = 2*v**2 + v - 2. Suppose -5*h = -18*h - 2470. Let n = h - -187. Give w(n).
13
Let v(u) be the first derivative of u**2/2 - 12*u + 6613. Give v(5).
-7
Let n(z) = -z**3 + 14*z**2 + 32*z - 7. Let t be n(16). Let p(s) = 3*s + 30. What is p(t)?
9
Let h(o) = 536*o**2 + 18*o + 26. Let y(i) = 119*i**2 + 5*i + 6. Let r(p) = -2*h(p) + 9*y(p). Let v be (-2)/(-1) + -3 + 2. Let n be (0 + v)*8*1. Determine r(n).
10
Suppose -13 = -2*v + 3*v - 4*g, 5*v - 5*g + 5 = 0. Let j(l) = -7*l + 16*l**2 + 1 + v - 14*l**2 - 5. Suppose 0 = -5*w - 5*i + 10, w - 3*i - 5 = 9. Give j(w).
14
Let r(t) = 3*t - 6. Let y(k) = -2*k + 3. Let x(c) = -2*r(c) - 5*y(c). Suppose -2*f + 9 = i - 5*f, -2*f = 2*i - 2. Suppose 14*o + 45 = i. Calculate x(o).
-15
Suppose -253*i - 24 = 242*i - 499*i. Let a(y) = 16*y + 5. What is a(i)?
101
Let p(z) = 2*z**3 - 2*z**2 + z - 6. Let u(r) = -r**2 + 6*r + 74. Let w be u(12). Determine p(w).
4
Let t(f) = -f**3 - 9*f**2 - 18*f - 24. Let v be t(-7). Suppose 0 = -2*g - 2*l + v, 18*g = 14*g + 2*l + 38. Let n(o) = o**3 - 8*o**2 + 8*o - 9. Calculate n(g).
-2
Let d(t) = 10*t**2 + 2*t - 1. Let c = 17 - 17. Suppose 16*n - 10 - 6 = c. Determine d(n).
11
Let n(o) = -o**3 + 16*o**3 + 3 - 4 + o + 0*o + o**2. Let v(z) = -z**2 + 11*z - 9. Let c be v(10). Determine n(c).
16
Suppose 4*z + t = -61 - 3, 0 = -2*t - 8. Let u(c) = -2*c**2 - 30*c + 20. Calculate u(z).
20
Let j = -3 - 0. Let y(a) = -4048*a**3 + 54*a**2 - 299*a + 271. Let o(g) = -149*g**3 + 2*g**2 - 11*g + 10. Let r(t) = -163*o(t) + 6*y(t). Give r(j).
8
Let q(m) = -9*m**2 - 3*m - 28. Let i(a) = 2*a**2 + a + 4. Let n(f) = 5*i(f) + q(f). Give n(8).
72
Let a(v) = 3 - v - 7 + 8*v**2 + v**3 + 0. Suppose -16 + 14 = s + 3*b, 3*b - 6 = 0. What is a(s)?
4
Suppose 5*a - 2*c - 133 = 51, a - 44 = 4*c. Suppose 16*o - 4*o - a = 0. Let y(l) = -2*l - 55*l**3 - 2*l**2 - 59*l**o + 115*l**3 + l. Determine y(3).
6
Let s(c) = c**2 + 11*c + 15. Let i = 8192 - 8202. What is s(i)?
5
Let w(t) = -t**2 + 6*t - 3. Let g be w(5). Let a(s) be the second derivative of 2*s**3 - 3*s**2/2 - 11382*s. Determine a(g).
21
Let u(i) be the third derivative of 3*i**6/20 - i**4/24 - i**3/6 + 151*i**2 + 3. Let g(f) = -f**2 - 14*f - 41. Let t be g(-10). Calculate u(t).
-18
Let q be (-18)/(-4) + (1/(-2))/1. Let d(t) = -t**2 + 8*t + 5. Let o(l) = l + 1. Let b(m) = q*o(m) - d(m). Let w be ((-3)/6)/((-1)/8). Determine b(w).
-1
Let y(x) be the first derivative of -x**4/4 - 4*x**3 - 8*x**2 - 32*x + 4318. Calculate y(-11).
23
Let g(y) be the first derivative of -2*y**3/3 - 4*y**2 + 4*y + 30. Suppose -v = 4*v + 30. What is g(v)?
-20
Suppose -m = l + 2*m - 9,